
24
Let n(z) = -z**3 + 5*z**2 + z + 4. Give n(5).
9
Let l(n) = n + 14. Determine l(-17).
-3
Let n(l) = 5*l**3 + 2*l**2 - 1. Give n(1).
6
Let y(g) = 3*g + 24. Determine y(-8).
0
Let k(n) = -n**3 - 10*n**2 - 9*n + 6. What is k(-6)?
-84
Let f(x) = x**3 - 7*x**2 - x - 1. Calculate f(7).
-8
Let p(j) = -j**2 + 2*j + 13. What is p(-4)?
-11
Let d(w) = -w + 8. What is d(6)?
2
Let z(b) = 2*b**2 - 40*b + 76. Give z(18).
4
Let b(v) = -5*v + 33. Give b(11).
-22
Let a(p) = -p**3 - 27*p**2 + 26*p - 41. What is a(-28)?
15
Let r(f) = f - 9. Give r(0).
-9
Let g(u) = -u**2 + 20*u - 4. Give g(18).
32
Let j(z) = z**3 - 3*z**2 - 2*z + 5. Give j(4).
13
Let h(i) = i**2 + 3*i + 8. Calculate h(-6).
26
Let t(f) = f**3 + f - 21. Calculate t(0).
-21
Let j(l) = -l**3 + 5*l**2 - 2*l + 33. What is j(5)?
23
Let w(h) = -4*h - 15. Give w(-11).
29
Let o(j) = j**3 + 8*j**2 - 8*j + 17. Calculate o(-9).
8
Let x(t) = -t**3 + 24*t**2 - 43*t - 27. Give x(22).
-5
Let z(q) = -6*q + 24. Give z(5).
-6
Let s(u) = 10*u**3 - 2*u**2 + 1. Calculate s(1).
9
Let z(p) = p**3 - 12*p**2 - 15*p + 18. Determine z(13).
-8
Let m(o) = -2*o + 11. Determine m(6).
-1
Let t(f) = 5*f - 5. Give t(4).
15
Let o(v) = -v + 5. Calculate o(-5).
10
Let s(h) = 17*h + 5. Give s(-2).
-29
Let u(j) = -j**3 + 7*j**2 - 6*j - 1. Calculate u(4).
23
Let c(g) = 14*g**2 - 4*g + 4. Give c(2).
52
Let x(z) = -z**3 - 9*z**2 + 6*z + 11. Give x(-9).
-43
Let i(q) = -12*q + 8. What is i(-10)?
128
Let x(t) = -3*t + 20. What is x(0)?
20
Let g(k) = 2*k + 7. Give g(6).
19
Let x(s) = -s**3 + 11*s**2 + 7*s - 50. Determine x(11).
27
Let t(p) = -2*p**3 + 19*p**2 - 11*p + 8. Determine t(9).
-10
Let g(i) = -i**2 - 6*i - 3. Calculate g(-6).
-3
Let m(y) = -y**3 - 29*y**2 - 58*y - 105. Give m(-27).
3
Let t(f) = 3*f + 8. Determine t(-7).
-13
Let n(x) = -x**3 - 23*x**2 - 22*x - 4. Calculate n(-22).
-4
Let d(j) = j**3 + 5*j**2 - 2*j - 5. What is d(-5)?
5
Let t(a) = -8*a**3 - a**2 + a - 2. Calculate t(-2).
56
Let a(g) = -2*g**3 + 3*g**2 + g - 11. Determine a(2).
-13
Let k(z) = -z**2 - 24*z - 43. What is k(-21)?
20
Let u(y) = y**3 - 5*y**2 - 15*y + 9. What is u(7)?
2
Let v(l) = -2*l + 16. Calculate v(5).
6
Let i(y) = -y**2 - y - 2. Give i(2).
-8
Let y(j) = 3*j**2 + 18*j - 17. Calculate y(-7).
4
Let p(g) = -g**2 - 5*g - 3. Give p(-3).
3
Let i(n) = -n**2 - 4*n + 9. What is i(-5)?
4
Let q(f) = -f**3 + f**2 - 3*f - 1. Give q(3).
-28
Let h(k) = -k**2 - 35*k + 152. What is h(-39)?
-4
Let d(s) = 20*s + 40. Determine d(-11).
-180
Let w(x) = -4*x**2 + 3*x - 3. What is w(2)?
-13
Let x(m) = -2*m**3 - 4*m**2 + 8*m - 1. Calculate x(-4).
31
Let t(m) = 2*m + 15. What is t(-8)?
-1
Let w(z) = -2*z**2 - 21*z - 19. What is w(-9)?
8
Let f(p) = -p**2 + 5*p + 24. Calculate f(8).
0
Let i(r) = -6*r - 6. Determine i(-2).
6
Let b(a) = a**2 - 15*a + 46. What is b(4)?
2
Let p(m) = -m**3 - 2*m**2 + 2*m - 2. Give p(-3).
1
Let p(y) = 19*y - 75. Determine p(5).
20
Let t(r) = 3*r - 15. Determine t(5).
0
Let u(y) = -y**2 + 12*y - 13. Give u(12).
-13
Let i(t) = t**3 + 26*t**2 + 49*t + 41. Determine i(-24).
17
Let m(f) = -36*f - 92. Determine m(-2).
-20
Let u(j) = 2*j + 47. What is u(-16)?
15
Let m(u) = -u**2 - 35*u - 273. Give m(-23).
3
Let a(h) = -h**3 - 8*h**2 - 10*h - 8. What is a(-5)?
-33
Let p(y) = 2*y**3 + 6*y**2 + y + 7. Give p(-3).
4
Let v(c) = -20*c + 20. Determine v(5).
-80
Let y(j) = -3*j**2 + 25*j - 36. Determine y(3).
12
Let z(t) = t + 15. What is z(-15)?
0
Let l(t) = -t**3 + 5*t**2 + 8*t - 3. Give l(6).
9
Let v(l) = -13*l + 91. Determine v(7).
0
Let a(f) = 7*f**2 + 49*f - 18. Give a(-8).
38
Let x(a) = -14*a - 76. What is x(-6)?
8
Let h(n) = 8*n**3 + 3*n**2 + 2*n. Give h(-2).
-56
Let t(u) = -3*u + 10. What is t(8)?
-14
Let s(t) = -t**3 + 4*t**2 + t + 15. Calculate s(5).
-5
Let j(r) = 53*r + 7. What is j(-2)?
-99
Let s(b) = 5*b**2 + 7*b - 15. Give s(2).
19
Let b(s) = -s**3 - s**2 + 2*s + 3. Calculate b(-2).
3
Let m(f) = -5*f**2 - 2. Determine m(3).
-47
Let a(x) = 31*x + 3506. Calculate a(-113).
3
Let j(y) = -y**3 + 2*y**2 - 3*y + 2. Give j(2).
-4
Let q(r) = -2*r**3 - 2*r**2 + 3*r - 4. Give q(-3).
23
Let w(q) = q**3 - 2*q**2 - 3*q - 1. Determine w(5).
59
Let k(y) = -y**2 + 14*y - 29. What is k(13)?
-16
Let n(m) = 5*m**3 - m**2 - m - 7. What is n(-2)?
-49
Let o(g) = g**2 - 3*g - 43. What is o(-9)?
65
Let f(x) = -x**3 + 15*x**2 - 15*x + 7. Calculate f(14).
-7
Let o(f) = f**3 - f**2 - 7*f + 7. Calculate o(3).
4
Let l(r) = r**3 + 6*r**2 + 5*r + 1. Calculate l(-5).
1
Let o(w) = 9*w - 1. Give o(1).
8
Let n(a) = -a - 5. What is n(-5)?
0
Let n(t) = t**3 - 8*t**2 - 35*t + 27. What is n(11)?
5
Let v(h) = 2*h**2 - 22*h. Calculate v(11).
0
Let f(m) = m**3 - 6*m**2 + 4*m - 6. Calculate f(4).
-22
Let j(h) = h**3 - 13*h**2 + 11*h - 36. Calculate j(12).
-48
Let d(z) = -z**2 - 4. What is d(4)?
-20
Let f(q) = -q**3 + 6*q**2 + q - 23. Determine f(5).
7
Let n(o) = -o**2 + 12*o + 17. Calculate n(14).
-11
Let h(v) = 8*v + 5. Determine h(-2).
-11
Let j(h) = -h**2 - 14*h - 15. Give j(-12).
9
Let j(p) = -p**3 - 4*p**2 + 13*p + 2. What is j(-6)?
-4
Let u(y) = 6*y - 1. What is u(-6)?
-37
Let a(q) = -q**3 + 3*q**2 - 3*q + 4. Calculate a(2).
2
Let u(q) = 12*q**2 - 2*q - 3. Determine u(-2).
49
Let w(g) = 17*g**3 - g**2 - g + 1. Calculate w(-1).
-16
Let m(x) = -x**3 + 7*x**2 + 11*x - 98. Calculate m(6).
4
Let w(m) = m**3 + 13*m**2 - 8. Calculate w(-13).
-8
Let k(y) = -8*y**2 + 1. Determine k(1).
-7
Let t(z) = -7*z + 6. What is t(0)?
6
Let t(j) = 10*j + 21. Determine t(15).
171
Let r(h) = -31*h + 214. Determine r(7).
-3
Let q(s) = s + 10. Determine q(16).
26
Let h(q) = 3*q**2 - 4*q + 4. Calculate h(3).
19
Let w(u) = -u**2 + 13*u + 14. Determine w(10).
44
Let i(x) = x**3 + 5*x**2 - x - 5. Calculate i(-5).
0
Let l(k) = -2*k**2 - 71*k - 39. Give l(-35).
-4
Let h(n) = -7*n - 5. Calculate h(2).
-19
Let z(w) = -w**2 + 43*w - 427. Give z(28).
-7
Let d(o) = -o**3 - 72*o**2 - 206*o + 54. Calculate d(-69).
-15
Let h(f) = 13*f + 9. Give h(-1).
-4
Let d(g) = g**2 - 6*g - 100. Calculate d(14).
12
Let n(w) = -w**3 - 13*w**2 - 15*w + 16. Give n(-12).
52
Let f(w) = w**2 + 11*w - 6. What is f(-13)?
20
Let b(o) = -o**2 + 7*o + 57. What is b(13)?
-21
Let g(d) = -d**3 - 10*d**2 - 2*d + 20. What is g(-10)?
40
Let c(v) = 32*v. Determine c(-2).
-64
Let x(n) = -n - 11. What is x(-6)?
-5
Let t(x) = x**3 - 6*x**2 + 2*x + 1. Calculate t(5).
-14
Let k(i) = i**2 + 15*i - 14. Calculate k(-15).
-14
Let y(u) = -4*u**2 + 49*u + 39. Calculate y(13).
0
Let t(b) = b**2 + 15*b + 5. Calculate t(-15).
5
Let v(x) = 4*x - 7. Calculate v(10).
33
Let g(c) = 2*c**3 + c + 61. Give g(0).
61
Let r(o) = -o**2 + 34*o + 32. Calculate r(35).
-3
Let y(g) = -11*g - 2. Determine y(1).
-13
Let x(w) = w**2 + 11*w + 18. Calculate x(-8).
-6
Let l(r) = -r**2 - 2*r - 9. Determine l(0).
-9
Let s(x) = 3*x**2 + 3*x - 62. Calculate s(-9).
154
Let f(t) = -2*t**2 + 27*t + 1. Calculate f(13).
14
Let b(g) = -2*g - 9. Determine b(-11).
13
Let n(q) = -q + 15. Determine n(25).
-10
Let n(v) = -5*v**2 + 15*v + 6. What is n(7)?
-134
Let l(j) = 13*j - 21. Calculate l(3).
18
Let k(d) = 2*d**2 - 10*d + 1. Calculate k(7).
29
Let f(m) = 3*m + 2. What is f(-9)?
-25
Let p(f) = -f**2 + 14*f - 13. Give p(14).
-13
Let x(p) = p + 3. Determine x(10).
13
Let h(f) = -f**3 + 6*f**2 + 2*f + 8. Give h(7).
-27
Let i(x) = -x**2 - 16*x + 136. Give i(-22).
4
Let t(j) = -j**3 + 5*j**2 + 23*j - 11. Determine t(8).
-19
Let w(a) = a**3 + 6*a**2 + 7*a + 11. Determine w(-5).
1
Let f(j) = -6*j + 9. What is f(-6)?
45
Let q(w) = 5*w - 119. What is q(23)?
-4
Let s(m) = 9*m + 39. What is s(0)?
39
Let m(g) = -g**3 + 12*g**2 + 19*g - 21. What is m(13)?
57
Let w(y) = -y**3 - 4*y**2 + 14*y + 15. Calculate w(-6).
3
Let d(l) = -l**2 - 12*l + 11. Give d(-12).
11
Let i(r) = -3*r + 24. Determine i(-11).
57
Let f(i) = 16*i - 50. Give f(0).
-50
Let s(k) = -2*k**3 - 21*k**2 - 7*k. Determine s(-10).
-30
Let q(j) = -2*j - 2. Give q(-4).
6
Let q(d) = -d**2 - 16*d + 109. Calculate q(-21).
4
Let j(q) = q**2 - 9*q + 6. Calculate j(6).
-12
Let h(n) = -3*n**3 - 17*n**2 + 26*n - 8. What is h(-7)?
6
Let c(a) = -4*a**2 + 133*a - 30. Calculate c(33).
3
Let x(p) = -2*p**3 - 99*p**2 - 48*p + 43. What is x(-49)?
-6
Let n(r) = 38*r - 129. What is n(4)?
23
Let s(k) = 3*k**3 + 9*k**2 - 7*k + 9. Determine s(-5).
-106
Let u(b) = 8*b + 41.